r when d(0) is divided by t.
21
Let s = 27 - -17. Calculate the remainder when s is divided by 9.
8
Suppose -3*v + 0*v - 5*f - 56 = 0, -52 = 3*v + f. Let u = v - -45. What is the remainder when u is divided by 15?
13
Let r(l) = 10*l**2. Calculate the remainder when 28 is divided by r(1).
8
Let j = -15 - -8. Let r(y) = y**3 + 8*y**2 + 6*y + 5. Calculate the remainder when (-49 + 3)*(-2)/4 is divided by r(j).
11
Let g(a) = -a**2 + 16*a + 9. What is the remainder when g(16) is divided by 6?
3
Let x(i) = i**3 - 5*i**2 - 5*i - 4. Let k be x(6). Calculate the remainder when 31 is divided by 35 - 18 - k/2.
15
Suppose -5*z - 4*p = -17, -2*z - p = z - 13. Suppose -w = -0*w - 4*v - 27, 0 = -z*v - 15. Let k = -8 + w. What is the remainder when 13 is divided by k?
6
Suppose -r + 5 = 4. Suppose 0*a - 4*k + 8 = 4*a, -k = -r. Let p(t) = 11*t + 1. What is the remainder when 34 is divided by p(a)?
10
Let q = 36 - 10. Let h = q - 13. What is the remainder when 62 is divided by h?
10
Suppose 4*k - 11 = 1. What is the remainder when 6 is divided by k?
0
Let p(y) = 11*y - 3. Suppose -3*t = -6*t + 6. What is the remainder when p(t) is divided by 10?
9
Let u be 64/6 + 2/(-3). Suppose -4*y = -m + 79 - u, -3*m + 137 = 2*y. What is the remainder when m is divided by 17?
15
Let q be 3/9 - (-112)/6. Suppose -11 = -5*z + q. Calculate the remainder when 11 is divided by z.
5
Let f = 146 + -129. Suppose 0 = -5*c + 14 + 16. Calculate the remainder when f is divided by c.
5
Let u(b) be the first derivative of 3*b**3 + b + 3. What is the remainder when 17 is divided by u(1)?
7
Let q be 0 - 2 - (1 - 12). Let a = q + -1. What is the remainder when 1*23 - (6 + -5) is divided by a?
6
Suppose 8 = 4*m - 4*u, 9 + 11 = 4*m + 2*u. What is the remainder when 18 is divided by m?
2
Let z be (-9)/(36/(-920)) - 0. Suppose p = 6*p - z. What is the remainder when p is divided by 16?
14
Suppose 2 + 0 = 2*c. Suppose r = l - 9, -2*l - 3*r = -c + 8. Calculate the remainder when 14 is divided by l.
2
Suppose 0 = 4*u - 9*u. Suppose u*z = z - 6. Suppose 2*n - 5*a - 11 = 0, 2*n - 3*a - 5 = -4*a. Calculate the remainder when z is divided by n.
0
Let p = 14 - 5. Calculate the remainder when 23 is divided by p.
5
Suppose 4*a = -a - 65. Suppose 5*b = p + 42, 2*b - 4 = -0*b. Let o = a - p. What is the remainder when o is divided by 7?
5
Suppose 3*t = 1 + 23. Let l(p) = 8*p + 11. Calculate the remainder when l(t) is divided by 26.
23
Let y be (-2 - 2)/(1 - 2). Calculate the remainder when (y + -24)*32/(-10) is divided by 22.
20
Let k = 4 - -7. Let l be -2 + 5/((-5)/(-2)). Suppose 0 = -l*v + v - 21. Calculate the remainder when v is divided by k.
10
Suppose 4*j = -0*j - 24. Let b = j + 4. Let p = b + 7. What is the remainder when 14 is divided by p?
4
Let m(i) = i**2 + 8*i - 4. What is the remainder when (-2)/(-4) + 118/4 is divided by m(-10)?
14
Calculate the remainder when (4/3)/((-20)/(-390)) is divided by 6.
2
Let q = 43 - 9. Suppose 0*l - 2*l + 16 = 0. What is the remainder when (-2)/(-4)*q + -3 is divided by l?
6
Let p = 25 - 23. Let i(s) = 3*s**3 - s**2 + 2*s - 3. Calculate the remainder when i(p) is divided by 8.
5
Let h(a) = 12*a**2 + 2*a - 1. Let l = 4 - 1. Let i = 8 - l. What is the remainder when h(1) is divided by i?
3
Suppose -31*n = -36*n + 755. What is the remainder when n is divided by 22?
19
Let u(k) = 11*k - 3. Suppose -5*z - 11 = -3*n, 0 = -5*n - 4*z + 26 + 17. Calculate the remainder when u(2) is divided by n.
5
Let d = 73 - 34. What is the remainder when 116 is divided by d?
38
Calculate the remainder when 14 is divided by 33/6 - 1/2.
4
Let f be (-7)/(-9) + (-16)/(-72). Let a(m) = 24*m + 1. Calculate the remainder when a(f) is divided by 9.
7
Let b(k) = k**2 - 11*k + 22. What is the remainder when 6 is divided by b(9)?
2
Suppose -3*z - 3*f + 129 = 0, -2*z - f + 6*f = -65. Let o(p) = 14*p**2. Calculate the remainder when z is divided by o(-1).
12
Suppose 3*a = 4*a - 4. Suppose -2*c = a*k - 7*k - 80, 3*c + k - 98 = 0. What is the remainder when c is divided by 18?
16
Suppose -4*i - 9 = -i + q, 5*q = 15. Let w = i + 7. Suppose w*r = -0*r + 66. Calculate the remainder when 64 is divided by r.
20
Suppose -h - 90 = -4*r, 47 + 3 = 2*r - 3*h. Let u = -17 + 20. Suppose -5*c = -u*c - 24. Calculate the remainder when r is divided by c.
10
Let j = -19 - -31. Calculate the remainder when 58 is divided by j.
10
Let j = 25 + -10. Let x = j + 35. Suppose 4*c + 35 = 2*u + c, -4*u + 46 = 2*c. Calculate the remainder when x is divided by u.
11
Suppose 3*v + 303 = 4*y, -3*y - 3*v = -107 - 115. What is the remainder when y is divided by 21?
12
Suppose -2*z + 3*z = 30. Suppose -z = -6*y + y. What is the remainder when y is divided by 3?
0
Suppose 15 - 4 = x. What is the remainder when 62/3 + (-2)/(-6) is divided by x?
10
Let c(w) = -w + 6. Let v be c(4). Suppose 4*q + 4*x - v*x = 132, -5*q + 5*x = -195. Calculate the remainder when q is divided by 9.
8
Suppose -80 = -13*u + 11*u. Calculate the remainder when u is divided by 11.
7
What is the remainder when (-164)/(-5) + (-4)/(-20) is divided by 18?
15
Suppose 2*h - 15 = 1. What is the remainder when h is divided by 5?
3
What is the remainder when ((-2)/5)/((-1)/305) is divided by 41?
40
Suppose 3*m = 65 - 11. What is the remainder when 88 is divided by m?
16
Suppose 4*o = -0*o - c + 72, 0 = -4*o - 3*c + 80. Calculate the remainder when o is divided by 10.
7
What is the remainder when 40 is divided by (-272)/(-20) + 4/10?
12
Let b be (1 - 2) + 1 - 1. Calculate the remainder when 34 is divided by (b + 1 - 2)*-9.
16
Suppose 5*z = z - 12. What is the remainder when ((-1)/z)/(3/171) is divided by 7?
5
Suppose 206 - 65 = 3*d. Calculate the remainder when d is divided by 16.
15
Suppose 4*r - 59 = n, 0*n = -2*r + 3*n + 27. What is the remainder when 29 is divided by r?
14
Suppose 181 - 1 = 4*g. Calculate the remainder when g is divided by 16.
13
Let r(b) = -11*b**2 + 2*b + 4. Let m(f) = -f**2 + f + 1. Let w(o) = 6*m(o) - r(o). What is the remainder when 40 is divided by w(-2)?
12
Suppose -3*y + 3 = -2*i, i - 2*y + 3 = -0. Suppose -82 = d - i*d. Let a(u) = u**2 - 2*u + 6. What is the remainder when d is divided by a(4)?
13
Let i(j) = -20*j + 3. What is the remainder when i(-4) is divided by 21?
20
Let g(l) = -l**2 + 15*l + 7. What is the remainder when 81 is divided by g(14)?
18
Suppose -2*v = -0*v. Calculate the remainder when (-52)/(-6)*(6 + v) is divided by 18.
16
Let h be (-9)/(-15)*(-10)/(-2). Let l = 5 - h. Calculate the remainder when 19 is divided by l + -1 + (8 - -1).
9
What is the remainder when 170 is divided by (-1)/(1*(-5)/215)?
41
Calculate the remainder when (-4)/(-14) - 477/(-21) is divided by (39/15)/(((-2)/2)/(-5)).
10
Let z be (-6)/(3/(-2) + 0). Let p(q) = 2*q. Let i be p(z). What is the remainder when 186/i - (-5)/(-20) is divided by 8?
7
Let b = -282 + 335. Calculate the remainder when b is divided by (-1)/4 + 219/12.
17
Suppose 0 = -2*x - 3 + 13. Suppose -2*h - 5*w = -2*w - 28, -x*h - 5*w + 65 = 0. Let c = -43 - -73. What is the remainder when c is divided by h?
8
Let n be (-1)/(1/(-5))*4. Let r = -10 + n. Let z(q) = 3*q**2 + 2*q - 2. Calculate the remainder when z(-3) is divided by r.
9
Suppose 6 = -3*g + 18. What is the remainder when g is divided by 3?
1
Suppose 0 = c + 4*c + 20. Let u = c - -7. Let i = 12 + -7. Calculate the remainder when i is divided by u.
2
Let u = 179 - 91. Calculate the remainder when u is divided by 30.
28
Let n = 17 - -35. Calculate the remainder when n is divided by 18.
16
Let y(c) = -28*c**3 + c**2 - c - 1. Suppose -4*d + 2*d - 2 = 0. What is the remainder when 84 is divided by y(d)?
26
Suppose 0*s + 5*s + 10 = 0, 5*s = 5*y - 105. Calculate the remainder when 74 is divided by y.
17
Suppose 6*r = 4*r. Suppose r*a - 9 = -a. What is the remainder when a is divided by 5?
4
Let l be 10/8 + 1/(-4). Let v(r) = 47*r**2 + 1. What is the remainder when v(l) is divided by 17?
14
Suppose -4*p - 3*z = -2*z - 16, 3*z = 0. Suppose 0 = l - 3*x - 20, -p = l - 4*x - 29. Calculate the remainder when 9 is divided by l.
4
Let x(r) = 10*r**2 - 2*r. Let z be x(2). Suppose 2*y - 3*k - 92 = z, 2*k = y - 62. Let f = 46 - 28. Calculate the remainder when y is divided by f.
16
Suppose 0 = -2*s - 3 + 9. Suppose q = 2*q - s. Let c = 11 - q